uate (2 - 14) + (33 - 22 - 13) - -29.
15
What is 106 - 12 - 26 - 147?
-79
What is -8 + 20 + (24 + -14 - 20)?
2
Evaluate -2 + 11 - (15 + 14 + -84 - -16).
48
23 + 3 + -36 + (96 - 43)
43
-79 + 86 + -11 + -21
-25
Calculate -45 - (41 - 29) - -64.
7
Calculate 76 + 13 + -86 - (59 - -2).
-58
What is the value of 648 + -527 + (4 + -11 - 0 - 1)?
113
85 + 1 - (-7601 + 7741)
-54
What is -5 + 53 - (214 + -134)?
-32
What is the value of 29 + -13 + -9 + (17 + 17 - -1)?
42
Evaluate 2 + -14 - -13 - (-7 - (-94 - (-1 - 1))).
-84
-48 - (-125 + 53) - (10 - (-1 - -1))
14
What is the value of -16 + 0 + (1 - -14 - (27 - 65))?
37
Evaluate 4 - -3 - (-45 - (73 + -134)).
-9
What is the value of -1 + 24 - (-96 + (82 - -77))?
-40
(-7 - -21) + (-3 - -11)
22
Calculate (84 - (-130 + 192)) + -1 + 41.
62
What is -1 - 6 - (-15 + -38 + 31)?
15
Calculate (-185 - (-124 + 1)) + 1 + 3.
-58
What is the value of (-18 - 46) + -20 + 0 + 6?
-78
(37 - 166) + 44 - (-22 + -1)
-62
-23 - (62 + -117 + 43)
-11
Calculate 47 - (52 - -8) - (1 + -67).
53
What is the value of -1 + 1 + -7 + 83 + 41 + -81?
36
Calculate -87 - (-2 - 46 - (35 - 65)).
-69
Evaluate -17 - -6 - (-21 + 52 - (2 + -9) - -6).
-55
Evaluate -15 - (-67 + 8) - (-2 - 13 - -2).
57
What is -108 - 18 - (-190 + 0)?
64
What is -120 + 179 + 6 + -120?
-55
What is the value of (11 - -12) + -2 + 66 + (-1 - -1)?
87
What is the value of 146 - (23 + (-18 - -28) - (23 + -13))?
123
Calculate -7 + (-15 - (21 + -60)).
17
Calculate -23 - (15 + (1 - (12 + 1)) + -16).
-10
Calculate 104 + 3 + -46 + (16 - -22) + -6.
93
Calculate -87 + (-10 - -45) + 81.
29
Calculate 44 + (-32 - -28 - 6) + 4.
38
What is the value of (-27 + 10 - -39) + -39?
-17
64 + (-3 + 10 - (6 - (-13 - 0)))
52
-1 - ((11 - 1) + (14 - -1) + (32 - 50))
-8
What is -40 + (-21 - -84) + (11 - 147)?
-113
Evaluate 54 + (-10 + (9 + -10 - 7) - -8).
44
What is -6 + (18 - 10 - -11) + -13 + 35?
35
What is -13 - ((24 - (-2 + 27)) + -104)?
92
Evaluate (-48 - -27 - (-2 + 1 + 1)) + -13.
-34
What is the value of 36 + -11 + -44 + (-82 - 0)?
-101
Calculate 101 - -5 - ((1 - -2) + 78 + -95 - -21).
99
Calculate (-10 - -9 - -9) + (-7 - (-10 + 3)) - 6.
2
What is the value of (-15 + 15 - -12) + 2 + -5 + -1 - 23?
-15
Evaluate 12 - (10 - (7 + 0 + 13) - (-20 - -19)).
21
What is (155 - 137) + -6 + -100 + -4 + 2 + -6?
-96
What is 2 + -2 + 21 + -59 + 19 + 25?
6
What is (-59 - (-51 + -9)) + -2 + 39 + 2?
40
Calculate -8 - (11 - (2 + -2 + 10 + (-33 - -34))).
-8
Evaluate (10 - -29) + -3 + (5 - (2 + -2)).
41
(-7 - 10 - (-76 - -57)) + (-3 - -1 - 8)
-8
Evaluate 38 + ((-9 - 0) + 10 - -1).
40
53 - (18 + 2 + (67 + -45 - 32))
43
119 - (-64 + (105 - 16))
94
What is -19 + (-11 - (-28 + -24 + 38))?
-16
Calculate (-22 - (-13 + -23)) + -19.
-5
-21 - (-5 - -7 - 13 - (13 - 25))
-22
What is the value of -26 - (24 + (13 - 26))?
-37
144 + (-247 - -49) + (19 - (2 - 1))
-36
Calculate ((-179 - -181) + (2 - (2 - 5)) - 28) + 10.
-11
Evaluate (0 - -46) + 122 + (24 - 132).
60
(-8 - 3) + 2 + 62 - (-3 - -2 - -7)
47
Evaluate 8 - (9 + -2 - (-2 - -5)) - (564 - 557).
-3
Evaluate 21 - -3 - (122 + -116).
18
What is the value of -2692 + 2713 - (40 + -2)?
-17
What is the value of 13 - (-69 + 2 + 64 - (0 + -50))?
-34
What is (3 + -23 - -3) + (-465 - -445)?
-37
Evaluate 37 - (11 + 9) - (-2 + 41).
-22
Calculate (-68 - -13) + 95 + -20.
20
Evaluate (293 - 276) + (-31 - 2) - 23.
-39
What is -11 + (1 - 2) + (27 - (-149 + 143))?
21
0 - -17 - (35 + -22) - 22 - -40
22
What is the value of (-19 - (-14 - -24)) + (98 - -2)?
71
What is -45 - ((7 - (1 + -12)) + -7 - 23)?
-33
What is the value of -3 + 23 + -42 + 15?
-7
Evaluate -4 + (-61 - -44) + 5.
-16
(-22 - -62) + 91 + -101
30
What is the value of 0 + (-9 - (5 + -26)) + 9 + -19 + 53?
55
What is (0 - 9) + 13 + 6 + -6 + -34?
-30
What is 5 + 11 - (64 + 4) - -28?
-24
What is the value of 46 + (-44 - -47) + -48?
1
2 + (-69 - 12) + 2 + (-31 + 18 - -17)
-73
Evaluate (-9 - 1) + (1642 - 1655 - (-2 + 17)).
-38
What is the value of -38 + 146 + -80 + 59?
87
37 - (53 + -167) - 90
61
Calculate 14 - (-27 + (3 - -14) - -7 - -14).
3
What is the value of -5 + -20 + -89 + 108 + 7?
1
(-5002 - -4902) + (0 - -75)
-25
What is (-7 - -94) + -44 + 4?
47
1 + 10 + 0 - (-36 - -20) - -8
35
Evaluate 10 - (3 + (9 - 4)) - 3 - 24 - -7.
-18
Evaluate -70 - (-13 - 31 - -18).
-44
Calculate -2 + 1 - (-3 - 15 - (63 + -67)).
13
Evaluate 1 + 6 + (-31 - (14 - 22) - 8).
-24
6 + -19 + 11 + (-22 + 11 - (-2 - -7))
-18
Calculate 12 + 12 + 10 - 85.
-51
Calculate 26 + -32 + 0 + (19 - 92).
-79
Calculate -12 - (-2 + 2 - 1) - (-54 - (-52 + -52)).
-61
What is the value of 5 - ((20 - 20 - 20) + -9)?
34
-1 + (1 - 0 - 7) + 13 + -207 + 213
12
Evaluate 1 - (-11 - (8 - ((0 - -5) + (39 - -5)))).
-29
What is 22 - -1 - (0 - -16) - (43 + 5 + -1)?
-40
What is the value of -29 - (-121 + 77) - (3 - -1)?
11
(9 - (-65 + 36)) + 4
42
What is the value of ((-5 - -11) + -14 - -2) + (11 - 28 - -65)?
42
Calculate 3 - -44 - (-1 + 3) - (20001 - 20001).
45
What is -39 + (72 + -55 - -54)?
32
What is -4 - (2 - 23 - (-325 - -419))?
111
What is the value of -3 + -27 + -327 + 361 - (-2 - -13)?
-7
4 - (103 - (66 + -3) - ((-11 - -2) + 1))
-44
What is -2 + (7 - (-3 - -7) - (-56 + 33))?
24
Calculate -28 + -1 + (-705 - -742) + 34.
42
What is the value of -45 + (-56 + 32 - -45)?
-24
22 + (-31 - (2 - 11)) + -11 + -2 + 0
-13
What is -3 + 8 - 3 - (16 + -15) - 6?
-5
What is (-1 - -31) + (-748 - -725) - (50 - 1)?
-42
Evaluate -38 - -1 - (44 - (55 - 64)).
-90
What is 30 + 1 + (5 - (-2 - -2)) + -18 + 11?
29
What is the value of -208 + 219 - ((18 + -8 - 73) + (-5 - 1))?
80
Calculate 70 - -1 - (216 - 181).
36
What is the value of (-7 - -7) + -1 + 79 + -40 + -39?
-1
Evaluate -59 + (-2 - 5) - ((-5 - -17 - -3) + -8).
-73
Evaluate 52 + (22 - (57 + 29)).
-12
(-660 - -680) + (5 - (0 + 4 - -1 - 1))
21
8 - (30 - 23 - 70)
71
What is -55 + (110 - 50) + 17?
22
What is -72 - (46 + 15 + -132)?
-1
2 + 1 + -2 + (-46 - (-50 - 18))
23
61 + (-19 - (22 + -22 - 0))
42
Calculate 70 + 3 + (59 - 52) - -28.
108
What is the value of 2 + (-4 - -6) + (42 + 4 - 2)?
48
What is -3 + 29 + (-7 - -60 - 110)?
-31
What is (-117 - -97) + (1 + -6 + 6 - -1)?
-18
What is the value of -84 + (-4 + 2 - -2) + 30 + (-28 - -12)?
-70
-36 - 21 - -5 - -90
38
19 + (-2 + 8 - -17) - (13 + -1)
30
Evaluate (23 - 3 - (125 - 89)) + 53.
37
286 + -279 + 1 + 0 - (-1 - (4 + -4))
9
(0 - (-1 + -4)) + (-41 - 2 - (-93 - 32))
87
0 + 10 + 59 + (-16 - 90)
-37
What is the value of -1 - (15 - 9) - (-8 - ((-3 - 4) + -40))?
-46
What is the value of 10 - (-12 - (19 + -32)) - (-2 + 45)?
-34
What is 33 + -2 + 9 + (-2 + -18 - -6)?
26
What is the value of 5 - (73 - 58) - -71?
61
(-18 + 0 + 7 - -10) + 5 - 32
-28
Calculate -69 + 96 + 25 + -39.
13
What is the value of -13 + 1 + -323 + 446 + (1 - -2)?
114
Evaluate 5 + (-91 + 47 - 3).
-42
What is 33 + (1 - (2 + (0 - 0) + 9 + -6))?
29
What is 3 - 26 - ((-14 - (4 - 25)) + -26)?
-4
What is the value of -5 + 138 + -21 + -71?
41
Calculate -29 + (18 - (22 + -19) - -16 - 18).
-16
Calculate -76 + -6 + 77 + (47 - (1 + -1)).
42
What is 1 + (-24 - (22 - 8) - 14) + 6?
-45
What is the value of 5 - -24 - (6 + -33 - -55)?
1
Evaluate -57 + (44 - -32) + -42.
-23
What is the value of 96 - (-10 - -143) - (8 + 3)?
-48
What is the value of 8 - ((6 - 18) + 43 + -17 + 2)?
-8
(8 - 6 - -47) + (-4 - (-14 - -1 - 3))
61
What is the value of -1 + -77 + (34 - -71) + -10 + (3 - 5)?
15
What is -1 + -108 - (10870 - 10840)?
-139
Evaluate 33 + (-26 - 16 - -33) - -68.
92
Evaluate 26 + -13 + -35 - (4 + 9).
-35
Calculate -2 - ((-1 + -22 - (4 - -6)) + -1 + 2).
30
Calculate -119 - (-67 - (125 - 18)).
55
-128 + 7 - (20 + 29 + -76)
-94
46 + (61 + -38 - 67)
2
Evaluate (6 - -26) + (-18 - 1) - (61 + -2).
-46
Evaluate 6243 + -6308 + (-1 - -39).
-27
Evaluate 7 - (-23 - -82) - -40 - ((-118 - 1) + -1).
108
Evaluate -43 - -8 - (-86 + 127 + -24).
-52
Evaluate 17 + (33 - 23 - (9 + (-4 - 3))).
25
What is the value of -14 + 16 - -4 - 22?
-16
Calculate -69 - (5 - (145 - 69)).
2
158 + (-221 - -81) - (1 + 0 + 48)
-31
What is the value of 1 + 82 + 2 - (88 + -41 + -57 - -5)?
90
Evaluate -373 - -386 - (3 - (-68 - (1 + -1))).
-58
83 + -94 + 82 - -43
114
Calculate (43 - (-4 + 20)) + -3.
24
Calculate -102 + (241 - 85) - 100.
-46
68 + 31 + -59 + (12 - -20)
72
Calculate -16 + 3 + 8 - (51 - 3 - (40 + -39)